or of 299080428?
False
Is 669525640 a multiple of 938?
True
Does 1364 divide 49389076?
True
Does 1176 divide 31458307?
False
Is 7483959 a multiple of 633?
True
Is 319812953 a multiple of 3?
False
Does 2332 divide 213738424?
False
Does 188 divide 12942362?
False
Is 162876728 a multiple of 27?
False
Is 128283159 a multiple of 368?
False
Is 214 a factor of 943451325?
False
Is 36 a factor of 948507817?
False
Is 43281633 a multiple of 10?
False
Is 17181950 a multiple of 341?
False
Is 10 a factor of 136305114?
False
Does 641 divide 199436894?
True
Is 142793364 a multiple of 21?
True
Is 195 a factor of 15211170?
True
Does 79 divide 579644251?
True
Is 49 a factor of 275142?
False
Is 116355434 a multiple of 202?
True
Is 151170758 a multiple of 2566?
True
Is 492739278 a multiple of 44?
False
Is 21 a factor of 184731559?
False
Is 19080768 a multiple of 168?
True
Does 161 divide 106843303?
True
Does 13 divide 1836389230?
True
Is 169 a factor of 358234591?
False
Is 13 a factor of 2530778954?
False
Does 473 divide 33748077?
True
Is 1276629486 a multiple of 314?
True
Does 2010 divide 77490344?
False
Is 2712 a factor of 171373992?
True
Is 207778039 a multiple of 13?
False
Is 130170255 a multiple of 15?
True
Is 243247757 a multiple of 1835?
False
Does 1670 divide 183184355?
False
Is 40 a factor of 450086240?
True
Is 567370 a multiple of 216?
False
Is 104 a factor of 56277161?
False
Is 2073057 a multiple of 21?
True
Does 16 divide 92608559?
False
Is 8 a factor of 521208?
True
Does 8245 divide 810747340?
True
Is 163 a factor of 1173567198?
False
Is 179302978 a multiple of 3?
False
Is 8224 a factor of 743888952?
False
Is 262871758 a multiple of 4?
False
Is 10 a factor of 79194733?
False
Is 1519 a factor of 778007716?
False
Does 660 divide 319590449?
False
Does 56 divide 694553217?
False
Is 1517356442 a multiple of 217?
True
Is 3012507 a multiple of 19?
True
Is 31 a factor of 1139280439?
False
Does 170 divide 8716437?
False
Does 61 divide 885567000?
False
Is 69836257 a multiple of 23?
True
Does 265 divide 104662092?
False
Is 64955126 a multiple of 170?
False
Does 876 divide 116490807?
False
Is 299 a factor of 809912364?
False
Does 117 divide 416563157?
False
Does 39 divide 224041769?
False
Is 27380473 a multiple of 109?
True
Is 6026315 a multiple of 349?
False
Does 2421 divide 289437813?
True
Is 660 a factor of 21273633?
False
Is 12 a factor of 31834212?
True
Is 213667170 a multiple of 5165?
False
Is 75921383 a multiple of 2029?
False
Is 1371142037 a multiple of 12?
False
Is 4314903 a multiple of 110?
False
Is 3026 a factor of 415663464?
True
Is 61 a factor of 152238324?
False
Does 14 divide 418790596?
True
Is 6226 a factor of 1360616209?
False
Is 766165454 a multiple of 112?
False
Is 89602632 a multiple of 42?
True
Does 1042 divide 66991949?
False
Is 312434715 a multiple of 15?
True
Is 45 a factor of 10951470?
True
Is 15 a factor of 337172851?
False
Does 63 divide 27431397?
True
Is 102 a factor of 238164998?
False
Does 103 divide 144639604?
True
Is 93777502 a multiple of 19?
True
Does 7 divide 2841470583?
True
Is 575053743 a multiple of 9566?
False
Is 1126 a factor of 58615608?
False
Does 34 divide 312920054?
True
Is 14 a factor of 28253586?
False
Does 82 divide 17744211?
False
Is 19 a factor of 66793717?
False
Is 262 a factor of 53833140?
True
Does 23 divide 1354534567?
False
Is 2 a factor of 2903068?
True
Is 18 a factor of 86873118?
False
Does 316 divide 525215473?
False
Is 62865761 a multiple of 58?
False
Is 18549274 a multiple of 45?
False
Does 1132 divide 1345735184?
True
Is 71898780 a multiple of 171?
False
Is 308 a factor of 17607744?
True
Is 769590909 a multiple of 9?
True
Does 17 divide 64091819?
True
Is 497 a factor of 47221461?
True
Is 436 a factor of 20189725?
False
Is 712 a factor of 7229648?
True
Is 6383738 a multiple of 81?
False
Is 5123632 a multiple of 83?
False
Does 546 divide 413868?
True
Is 149932995 a multiple of 286?
False
Is 117534164 a multiple of 438?
False
Does 69 divide 655740205?
False
Does 4831 divide 1170918456?
True
Is 107879699 a multiple of 131?
False
Does 539 divide 291763669?
False
Is 5 a factor of 2374472?
False
Does 4305 divide 3160494225?
True
Is 65 a factor of 218423527?
False
Is 1396431659 a multiple of 18?
False
Is 2596516008 a multiple of 24?
True
Is 133431708 a multiple of 204?
True
Does 15 divide 2924640?
True
Is 104081985 a multiple of 369?
True
Does 353 divide 228497253?
True
Does 3752 divide 462006272?
True
Does 183 divide 20970296?
False
Is 32554825 a multiple of 15?
False
Is 2 a factor of 54487475?
False
Is 1427 a factor of 43229538?
True
Does 10 divide 12929790?
True
Is 10968577 a multiple of 610?
False
Does 277 divide 641106568?
False
Is 394579886 a multiple of 1879?
False
Is 16450029 a multiple of 9?
True
Does 2660 divide 29971393?
False
Does 518 divide 15855505?
False
Is 175542675 a multiple of 1925?
True
Is 297461012 a multiple of 171?
False
Is 8 a factor of 15024816?
True
Is 103 a factor of 5216950?
True
Does 13 divide 67412215?
True
Does 2893 divide 1985493007?
False
Is 112 a factor of 286037555?
False
Is 4 a factor of 12546906?
False
Does 118 divide 64399458?
False
Does 3 divide 105638976?
True
Does 26 divide 584655890?
True
Is 385115274 a multiple of 17?
False
Is 51 a factor of 713941600?
False
Does 8 divide 406811944?
True
Is 57 a factor of 434678613?
False
Does 1199 divide 20961525?
False
Does 2886 divide 101728614?
True
Is 106210258 a multiple of 43?
True
Does 12 divide 1046231662?
False
Does 19 divide 1635079751?
True
Is 458 a factor of 52604506?
True
Does 14 divide 246511622?
True
Does 15 divide 288749040?
True
Does 158 divide 1254336394?
False
Is 62052190 a multiple of 730?
True
Does 139 divide 83519014?
False
Is 242961972 a multiple of 276?
True
Is 956220552 a multiple of 27?
True
Does 1164 divide 1977365059?
False
Is 53 a factor of 127291661?
False
Is 5 a factor of 32162842?
False
Is 1086093656 a multiple of 1233?
False
Does 285 divide 200846625?
True
Does 538 divide 2457395320?
False
Does 85 divide 48703045?
True
Is 2023350628 a multiple of 140?
False
Does 4705 divide 706968008?
False
Is 60 a factor of 383605860?
True
Does 127 divide 3200527?
True
Is 62 a factor of 1775138678?
True
Is 298 a factor of 32478380?
False
Is 421 a factor of 3352048731?
True
Is 43338917 a multiple of 208?
False
Is 1006150981 a multiple of 948?
False
Is 370711271 a multiple of 143?
False
Is 44562776 a multiple of 508?
True
Does 6 divide 152730668?
False
Is 15 a factor of 221798441?
False
Is 62 a factor of 25063737?
False
Does 388 divide 21380423?
False
Does 487 divide 6724009?
True
Does 315 divide 198789638?
False
Is 9 a factor of 184164084?
True
Is 34 a factor of 304313056?
True
Is 49 a factor of 17970701?
True
Is 356427630 a multiple of 90?
True
Is 78 a factor of 78406146?
True
Is 301547405 a multiple of 483?
False
Is 1549 a factor of 769755413?
True
Is 23176356 a multiple of 444?
True
Does 21 divide 8751561?
True
Does 348 divide 4125936125?
False
Does 1209 divide 8581482?
True
Is 183962124 a multiple of 205?
False
Is 19 a factor of 559941987?
False
Is 42 a factor of 90939325?
False
Is 528100517 a multiple of 8?
False
Does 9 divide 24864343?
False
Is 101 a factor of 241056296?
True
Does 819 divide 1180699974?
False
Is 528 a factor of 121349660?
False
Is 110 a factor of 22872939?
False
Is 988 a factor of 119338704?
False
Does 1599 divide 36658674?
True
Is 362 a factor of 142316?
False
Is 94 a factor of 703973708?
True
Is 520 a factor of 896194176?
False
Does 357 divide 105987588?
True
Does 37 divide 112434825?
False
Is 817 a factor of 98491603?
False
Does 128 divide 156735783?
False
Does 1029 divide 1072007523?
False
Is 527514253 a multiple of 230?
False
Does 10 divide 52899260?
True
Is 128221177 a multiple of 133?
True
Is 2130543 a multiple of 29?
True
Does 501 divide 23589585?
True
Is 383097040 a multiple of 101?
True
Is 475797756 a multiple of 1284?
True
Is 2366 a factor of 19915930?
False
Is 402526872 a multiple of 12?
True
Is 84250602 a multiple of 954?
True
Is 1591236600 a multiple of 153?
False
Does 859 divide 3822312538?
False
Does 37 divide 46466783?
True
Is 663 a factor of 430672866?
True
Is 365 a factor of 65400335?
True
Is 11309164 a multiple of 468?
False
Does 3586 divide 145078802?
True
Does 10 divide 